ded by 5.
3
Suppose 2*v + 2*j = 40, 0 = j + 5 - 0. Suppose 3*u - 7 - 8 = 4*b, v = 4*b + 5*u. Let l(s) = s**3 - s**2 + 3. What is the remainder when 5 is divided by l(b)?
2
Suppose -4*c = c - 55. Suppose s + 3 = c. Let q(m) = m**3 + m + 23. Calculate the remainder when q(0) is divided by s.
7
Suppose 0 = -125*v + 118*v + 133. Let j be ((-394)/4)/(1/8). What is the remainder when 6/(-21) - j/14 is divided by v?
18
Let p = 12 + 3. Suppose 3*o + 4*h = 107, -o - 92 = -4*o - h. What is the remainder when o is divided by p?
14
Suppose -2*n + 18 = -n. Suppose -2*l - l + 354 = 0. Suppose -n = 5*t - l. Calculate the remainder when t is divided by 7.
6
Let y = 45 + -16. What is the remainder when y is divided by 15?
14
Let t(b) = b**3 + 8*b**2 + 5*b - 5. Calculate the remainder when t(-6) is divided by 13.
11
Let v = 46 + -28. Let h = 49 - 20. Let l = h - v. Calculate the remainder when l is divided by 6.
5
Suppose 3*x + 2 = -4, x + 17 = 3*n. What is the remainder when (-24)/(-20)*45/3 is divided by n?
3
Let f = -4 + 10. Let p = 18 + -14. Calculate the remainder when f is divided by p.
2
Suppose -2*a = 2*a + 3*o - 15, 5*o = 2*a - 1. Let m = 9 + a. What is the remainder when 23 is divided by m?
11
Let o = 0 + 11. Let d = 74 - 50. Calculate the remainder when d is divided by o/1 + (-1 - -3).
11
Let b(p) = 3*p**2 - p**2 + 5*p - 11*p. Suppose 20 = 8*f - 3*f. Calculate the remainder when 22 is divided by b(f).
6
Suppose -x = 4 - 9. What is the remainder when 5 is divided by x?
0
Suppose -3*a = -5*a + 18. Calculate the remainder when 25 is divided by a.
7
Suppose 4 = -3*c + 2*n + 31, 5*c + 4*n = 45. Let b = -22 + 10. Let o = b + 17. Calculate the remainder when c is divided by o.
4
Let k(x) = x**2 + x - 1. Let o be k(0). What is the remainder when 32 is divided by (o*2 - -2) + 17?
15
Let j be 3 + -1 - (0 + 0). Suppose -4*w = -3*w - 24. Calculate the remainder when (j/(-3))/((-4)/282) is divided by w.
23
Suppose -d - 3*d - v = 5, 5*d + v = -6. Let b = d + 19. Suppose 0 = 5*k + 4*j - 26 + 11, 0 = -3*k + 2*j + 31. What is the remainder when b is divided by k?
4
Let k = -5 + 2. Let v = 6 + k. Suppose -v*b = 4*s - 127, -22 - 52 = -2*s + 2*b. What is the remainder when s is divided by 12?
10
Calculate the remainder when 22 is divided by (-99)/(-21) - 4/(-14).
2
Let m(u) = u**2 - u**3 + 24 - 4*u**2 + 2*u**2. Let b be m(0). What is the remainder when ((-15)/(-9))/(4/b) is divided by 4?
2
Let a = 122 - 35. Calculate the remainder when a is divided by 30.
27
Let l(b) = -2*b**3 + 19*b**2 - 12*b - 8. Let s(q) = -q**3 + 10*q**2 - 6*q - 4. Let c(p) = -3*l(p) + 5*s(p). Calculate the remainder when c(6) is divided by 3.
1
Let y = -109 + 112. Suppose -10 = 3*g - 40. What is the remainder when g is divided by y?
1
Let l(g) be the third derivative of 0*g + 0 - 7/24*g**4 - 4*g**2 - 2/3*g**3. Calculate the remainder when l(-6) is divided by 13.
12
Let l(u) = -u**3 - 6*u**2 - u - 5. Let p be l(-6). Let a(c) = 2*c - 1. Calculate the remainder when p*(11 - (0 - -2)) is divided by a(3).
4
Suppose 9*p - 8*p - 7 = 0. What is the remainder when (2/2 - 0)*13 is divided by p?
6
Let r(z) = -z**2 - z + 25. Let o be r(0). Let p be 1*-1 + (5 - 0). Suppose -5*k - c - 5 = p*c, 5*c = -o. What is the remainder when 6 is divided by k?
2
Let i(k) = k**3 - 6*k**2 - 8*k + 5. Let y be i(7). Let l = 14 + y. Let x = 22 - l. What is the remainder when 29 is divided by x?
9
Let g be 6/(-4)*(-20)/6. Suppose -2*o + f - 3 = -4*o, -5*f = 5*o + g. What is the remainder when 15 is divided by o?
3
Suppose -5*b + 27 = -28. Let f = -2 - 1. What is the remainder when 0 + (-1)/(f/96) is divided by b?
10
What is the remainder when (-646)/(-26) + (0 - (-8)/52) is divided by 7?
4
Suppose -5*j - 4 = 2*l, l = -2*j - 3*j - 2. Let m = l - -11. Calculate the remainder when (-1638)/(-66) + 4/22 is divided by m.
7
Suppose -3*m + 165 = -6*m. Let f = m + 84. Calculate the remainder when f is divided by 15.
14
Let m(b) = 2*b**2 + 5*b. Suppose 0 = 4*i - 8, 0*p = 2*p - 5*i - 82. Calculate the remainder when p is divided by m(-4).
10
Suppose 2*s + 0 - 2 = 0. What is the remainder when 36 is divided by (-3)/s - (-22)/1?
17
Let a be (-4)/(-10) + (-87)/5. Let t = 4 - a. Suppose 19 = 2*h - 5*g + 2*g, g = 1. Calculate the remainder when t is divided by h.
10
Suppose -2*n = 5*j - 14, 0*n - 3*j - 2 = -4*n. Suppose -2*z + z - 4 = -h, 0 = 3*h + 3*z. Suppose h + n = g. What is the remainder when 6 is divided by g?
2
Let d = 15 + -43. Let c = 46 + d. What is the remainder when 51 is divided by c?
15
Suppose 151 - 641 = -5*x. Calculate the remainder when x is divided by 25.
23
Let m be (-152)/12*6/(-4). Let d = -5 + m. Calculate the remainder when d is divided by 5.
4
Let s(r) = -r**2 + 10*r - 6. Suppose 7*a = 3*t + 3*a - 27, 4*t = -4*a + 36. What is the remainder when (-15)/9*3/(-1) is divided by s(t)?
2
Let g = 22 + -13. What is the remainder when g is divided by 3?
0
Suppose c + 0*c = 25. What is the remainder when c is divided by 7?
4
Let g = 107 + -159. Let v = 21 + g. Let o = -18 - v. Calculate the remainder when 38 is divided by o.
12
Let b = 10 + -6. Let w(k) = -k + 1. Let y be w(-4). Suppose 0 = 2*r - 5*r + 5*x + 27, 18 = 2*r - y*x. Calculate the remainder when r is divided by b.
1
Let x = 51 - 23. What is the remainder when x is divided by 10?
8
Let n(j) = j**2 - 6*j + 6. Let m be n(11). Suppose 3*o - m = -h, h + 4*o - 83 + 23 = 0. Let l = -35 + h. What is the remainder when l is divided by 15?
14
Let b = 31 - 22. What is the remainder when 33 is divided by b?
6
Let n(r) = -r**3 - 4*r**2 - 4*r - 4. Let z = 28 - 5. What is the remainder when z is divided by n(-4)?
11
Suppose 27*t - 32*t = -270. What is the remainder when 268 is divided by t?
52
Let q be (0 + 8/(-4))*-5. Let z(p) = -p**3 + 10*p**2 + 5*p - 13. What is the remainder when z(q) is divided by 19?
18
Let a(d) = -6*d. Calculate the remainder when a(-6) is divided by 19.
17
Let b(n) = -n**2 - n + 41. Calculate the remainder when b(0) is divided by 11.
8
Suppose 5*i - 81 - 39 = 0. Suppose 3*g = -w + 22, -g - i = -w - 6*g. What is the remainder when w is divided by 11?
8
Let q(v) = v**2 - 10*v + 14. Suppose -p = -54 - 0. Calculate the remainder when p is divided by q(10).
12
Let s = 332 + -229. Calculate the remainder when s is divided by 21.
19
Suppose 0 = 3*n - 3, 19 = 3*b - 4*n - 31. What is the remainder when (22/(-4))/((-2)/12) is divided by b?
15
What is the remainder when 1/(-1) + (109 - 0) is divided by 14?
10
Let n be ((-8)/6*-3)/2. Suppose -5*r + 15 = -0*r. Calculate the remainder when 14/(-4)*(n + -4) is divided by r.
1
Suppose -2*l - 45 = -3*n, 4*n = -3*l + 74 + 3. Calculate the remainder when 26 is divided by n.
9
Suppose 3*x - i = i + 94, -3*x + 4*i = -92. What is the remainder when 45 is divided by (x/5)/(12/30)?
13
Let o(l) = -l**3 - 18*l**2 - 33*l - 9. Calculate the remainder when 59 is divided by o(-16).
3
Let j(n) = n - 6. Let i = -13 + 23. What is the remainder when 6 is divided by j(i)?
2
Calculate the remainder when 13 is divided by 1/(-3)*-12*1.
1
Suppose 4*w - 76 = -5*v, 5*w - 14 = -v + 18. What is the remainder when v is divided by 7?
5
Suppose -35 + 9 = -2*k. What is the remainder when 36 is divided by k?
10
Let v = -12 - -27. Suppose 23 = 3*a - f, 0*a - 4*a + 28 = -4*f. What is the remainder when v is divided by a?
7
Let k be 3/2*(-8)/(-6). Suppose 0 = -k*d - 2*d + 28. Let n(z) = 6*z + 80. What is the remainder when n(-10) is divided by d?
6
Suppose -7 - 2 = 3*i. Let x = -58 - i. Calculate the remainder when -3 + (-2 - (-2 + x)) is divided by 18.
16
Let q = -22 + 34. What is the remainder when (-3)/(-2) + 43/2 is divided by q?
11
What is the remainder when 126 is divided by (-790)/(-25) - (-4)/10?
30
Let w = 31 - 17. Let k = -8 + w. What is the remainder when 117/5 - k/15 is divided by 12?
11
Let o(w) = -6*w. Let j(f) = -f**3 - 5*f**2 - 6*f + 4. What is the remainder when o(-1) is divided by j(-3)?
2
Suppose -5 - 1 = m + 3*j, -j + 2 = m. Let w(k) = k - 2. Calculate the remainder when 13/2 - 3/(-6) is divided by w(m).
3
Let x(n) = n**3 - 9*n**2 + 16*n + 8. Calculate the remainder when x(8) is divided by 15.
12
Let t = 32 - -12. Calculate the remainder when t is divided by 9.
8
Let h(z) = z**3 + 3*z**2 - 5*z - 2. Let l be h(-4). Let i(o) = 4*o + 0*o 